he greatest common divisor of 108 and y?
12
Let b = 47 + -21. Let l(s) = s + 1. Let c(r) = -2*r + 27. Let j(t) = -c(t) + l(t). Let z be j(13). What is the greatest common divisor of b and z?
13
Let u be 1218/(-290)*10/(-2). Calculate the greatest common factor of 5691 and u.
21
Let k(y) = -y**2 + 15*y - 48. Let q be k(6). Suppose 3*c = 12, 140 = 3*l - 3*c + 2*c. Calculate the greatest common factor of q and l.
6
Suppose u = 4*u - 3*w + 6, 3*w - 15 = 0. Suppose d - 1 - 6 = -3*t, 3*t + u*d + 3 = 0. What is the greatest common factor of t and 3?
1
Let q = -15 + 32. Suppose -7 + 9 = 2*r. Let o be 140/4 - r/1. Calculate the greatest common divisor of o and q.
17
Let j = -28 - -30. Suppose 0 = -3*d - j*d + 5*o + 25, 2*d + 2*o = 2. Calculate the highest common divisor of d and 2.
1
Suppose -504*j = -509*j + 6650. Calculate the highest common divisor of 38 and j.
38
Let h be (-5427)/(-45) + -7 + (-6)/(-15). What is the greatest common divisor of h and 66?
6
Let f(q) = -q**2 - 18*q + 4. Let l(y) = -y**2 - 10*y + 13. Let z be l(-12). Let v be f(z). What is the highest common divisor of v and 9?
9
Let x(s) = 2*s - 34. Let l be x(22). Calculate the greatest common divisor of 370 and l.
10
Let w be (-36)/42*(-7)/2 + 50. What is the highest common divisor of w and 1?
1
Suppose -31*v + 812 = 2*r - 36*v, -3*r - 4*v = -1172. Calculate the highest common divisor of r and 220.
44
Let q(k) = -25*k + 6*k + 9 + 0*k**2 + 14 + k**2. Let j be q(19). Calculate the greatest common factor of j and 115.
23
Let i = 336 + -193. Calculate the greatest common factor of 11 and i.
11
Let w(n) = n**2 - 12*n + 23. Let v be -2 - (-11 - (3 - 1)). Let k be w(v). Calculate the greatest common divisor of k and 4.
4
Suppose -3*i + 52 = 2*t, 3*t - 1 = i - 0. Suppose -34 = -2*d + i. Let c = 23 + -20. Calculate the greatest common divisor of c and d.
3
Suppose -50 = -j - 12. Suppose -j*w + 42*w - 44 = 0. Calculate the highest common factor of w and 11.
11
Let a be (-21 - 0)*8/(-6). Suppose 3*b = 4*p - a, -b - 31 = -4*p - 3. Calculate the greatest common divisor of p and 56.
7
Let l be 1/(-2)*-10 - (-288)/8. Suppose -4*s + 77 - 9 = 0. Suppose s = -4*d + l. Calculate the highest common factor of 6 and d.
6
Let r(t) = 14*t**2 - 5*t + 24. Let x be r(-3). Let q(d) = -7*d - 2. Let f be q(-5). Calculate the greatest common divisor of f and x.
33
Suppose -3*t - 16 = t + 4*m, -5*t = -3*m + 4. Let k = -1 + 1. Let b = k - t. What is the highest common divisor of 2 and b?
2
Let k be (-4 - -6)*(-27)/(-6). Suppose 5*b = 2*a - 140, a = 5*b + 131 + k. Let g be b/(-35) + 1/5. What is the greatest common factor of 1 and g?
1
Let k(a) = -a + 17. Let t be k(12). Let d be (-4)/(-6) - 14/21. Let b be 13 + 9/(d - 3). What is the greatest common divisor of b and t?
5
Suppose -4*m - 2*l + 26 = -0*l, -12 = 4*l. What is the greatest common factor of 104 and m?
8
Suppose 0 = -f - 3*f - 104. Let y = -17 - f. What is the highest common divisor of y and 153?
9
Let g(i) = 7*i**2 - 9*i + 4. Let u(q) = -6*q**2 + 9*q - 5. Let v(z) = -5*g(z) - 6*u(z). Let j be v(8). Calculate the greatest common divisor of j and 8.
2
Suppose -16*n + 21*n = 15. Suppose 4*s = -16, 2*q + 4 = n*q + 5*s. Calculate the greatest common factor of q and 8.
8
Let m(b) = 346*b + 1750. Let v be m(-5). Suppose 0*o = -2*o + 160. What is the greatest common factor of o and v?
20
Let f(r) = r**2 - 6*r + 6. Let v(c) = -c**2 + 9*c + 4. Let z be v(9). Let w be f(z). Let u be ((-2)/3)/(w/33). What is the greatest common divisor of 11 and u?
11
Let v = 133 - 113. Calculate the greatest common divisor of 240 and v.
20
Suppose -4179*s + 4176*s + 216 = 0. Suppose -g = -0*g - 8. Calculate the greatest common divisor of s and g.
8
Suppose -6*y = -10*y + 16. Let n(u) = -u**2 + 11*u - 9. Let r be n(9). Suppose -r = q - y*q. What is the greatest common divisor of q and 3?
3
Suppose 5*i = y + 167 + 23, -2*y - 152 = -4*i. Calculate the greatest common divisor of i and 10.
2
Let f = 115 + -104. Let g(k) = -12*k - 4. Suppose 4*b - 12 = 7*b - 5*h, -5*b = -5*h + 20. Let u be g(b). Calculate the greatest common factor of f and u.
11
Let w(k) = k**2 - 5*k + 6. Let i be w(2). Let z be (-15 - -13)*(i - 3/2). Calculate the greatest common divisor of z and 21.
3
Let n(h) = -h**3 + 9*h**2 + 25*h + 107. Let z be n(11). Suppose 5*l = 3*p - 8*p + 80, -2*p + 5*l + 60 = 0. What is the greatest common divisor of z and p?
20
Suppose 4*y - 5*g - 57 = -0*y, 4*g - 102 = -5*y. Let s be (((-20)/12)/1)/((-3)/y). What is the highest common divisor of 4 and s?
2
Suppose -3*j + 24 = -j. Let a = j - 10. Suppose -2*p = -2*z - a*z - 294, -423 = -3*p - 3*z. What is the greatest common divisor of 13 and p?
13
Suppose 0 = 3*s - x + 8 - 24, -s = 2*x + 4. Suppose s*u - 4 = -24. Let t(f) = -2*f + 2. Let p be t(u). Calculate the greatest common factor of p and 96.
12
Let r be (1/((-3)/(-9)))/((-9)/(-780)). Let p be (r/15)/((-2)/(-3)). What is the greatest common factor of p and 39?
13
Let z be 3696/(-96)*24/(-7). Calculate the greatest common factor of z and 24.
12
Let t = 638 + -624. Calculate the highest common factor of t and 483.
7
Let i = 6 + 6. Suppose -4*l - 4 = 0, 4*l + 60 = 5*n - 244. Calculate the highest common factor of n and i.
12
Let l(k) = 6*k**3 + 0*k - 5*k**3 - 6 - 7*k**2 - k + 7*k. Let p be l(7). What is the greatest common divisor of 4 and p?
4
Let r(s) = -s**2 + 23*s - 63. Let o be r(4). Let k = 8 - 3. Suppose 2*d - k*j - o = 0, 3*j = -3*d - j + 31. What is the highest common factor of d and 90?
9
Let y be (472/8 - -2) + 5. Calculate the greatest common factor of y and 264.
66
Suppose 0 = -6*a + 10 + 2. Suppose -3*t + a*j = 7 - 207, 2*j = t - 64. What is the greatest common divisor of 17 and t?
17
Suppose 5*f = -8274 + 8434. What is the highest common divisor of f and 280?
8
Let f = 89 - 21. Calculate the greatest common divisor of f and 1292.
68
Let w(m) = 30*m**2 - 44*m + 16. Let y be w(6). What is the greatest common divisor of 52 and y?
52
Let o(w) = w**3 + 8*w**2 - 10*w + 5. Let d be o(-9). Let h = 26 - d. Calculate the greatest common divisor of 108 and h.
12
Let y(o) = 11*o**3 - o**2 - o. Let q be y(-1). Let t = q + 20. Suppose -22*j - 270 = -25*j. Calculate the highest common divisor of j and t.
9
Suppose r - 2 = 0, r + 52 = x - 0*x. Suppose 0 = -4*t - 2*t + x. What is the highest common factor of t and 72?
9
Let o be (-219)/45 - -5 - 176/(-30). Calculate the highest common divisor of o and 96.
6
Let u = -213 - -271. Calculate the greatest common divisor of 754 and u.
58
Suppose 0 = p - 27 + 6. Let o(q) = q + 693. Let c be o(0). Suppose 2*w = -w + c. What is the greatest common divisor of w and p?
21
Let o(h) be the first derivative of -3/2*h**2 + 2*h + 1/3*h**3 + 2. Let j be o(-4). What is the highest common factor of j and 6?
6
Suppose 9*h + 0*h - 2835 = 0. What is the highest common factor of 90 and h?
45
Let t = 16 + -14. Suppose 18 = t*p - 20. Suppose b + p - 76 = 0. What is the highest common divisor of 19 and b?
19
Suppose 0 = 4*u - 8, 70*f = 66*f + u + 726. Calculate the greatest common factor of 266 and f.
14
Let f = -3183 - -3240. What is the highest common factor of f and 646?
19
Let d be -105*3/(-2)*(-36)/(-81). Let l be 6/5*-4*d/(-21). What is the greatest common divisor of 24 and l?
8
Suppose 0 = 3*y - 5 - 7. Suppose 5 = g + 2, -56 = -4*q - y*g. Let v(c) = 7*c - 2. Let i be v(5). What is the greatest common factor of q and i?
11
Let w be 3962/24 - (-8)/(-96). What is the greatest common divisor of w and 385?
55
Let g = 58 - 14. Let l = 52 + -48. What is the greatest common factor of l and g?
4
Let c = 68 + -33. Suppose 0 = 3*m - 14 - 7. Let r = m + -2. Calculate the highest common divisor of c and r.
5
Let v = 229 + -129. Let u(q) = -6*q - 20. Let s be u(-10). What is the highest common divisor of s and v?
20
Let z(b) = 83*b**2 - b - 4. Suppose n - 2 + 4 = 0. Let m be z(n). Suppose h - 4*h = -m. Calculate the highest common factor of 44 and h.
22
Let k = 89 - 46. Suppose -y - 4*g - g + 8 = 0, -2*y - g = -k. Calculate the highest common divisor of 253 and y.
23
Suppose -5*d + 3126 + 549 = 0. Suppose -3*y - 357 = -2*t, -3*t - y + d = t. Let q = t + -71. What is the greatest common divisor of q and 14?
14
Let q(o) = 111*o**2 - 2*o + 1. Suppose 0 = -0*r + 4*r - 4. 